14. Give z(-10).
1486
Let z(c) = -4*c**2 - 301*c + 6462. Give z(17).
189
Let x(q) = q**3 - 58*q**2 - 25725*q + 255. What is x(192)?
831
Let n(j) = -j**2 + 1185*j - 39420. Calculate n(34).
-286
Let m(n) = 13*n**3 - 22*n**2 + 18*n + 85. Determine m(-3).
-518
Let k(m) = -m**3 - 27*m**2 + 292*m + 7917. Give k(-27).
33
Let h(w) = 12589*w - 226541. Give h(18).
61
Let b(j) = 28735*j + 1494226. Determine b(-52).
6
Let v(s) = -4965*s + 14925. Determine v(3).
30
Let u(b) = -b**3 + 357*b**2 - 243*b + 215162. Give u(358).
4
Let k(v) = 968*v - 33974. Determine k(34).
-1062
Let z(x) = -34728*x - 34735. What is z(-1)?
-7
Let z(g) = -87*g + 12156. Give z(126).
1194
Let j(u) = -24*u**2 + 259*u - 633. What is j(4)?
19
Let q(d) = -6*d**3 - 60*d**2 + 158*d + 11. Determine q(3).
-217
Let z(s) = -226*s**2 - 58983*s + 1078. Give z(-261).
295
Let s(q) = -2790*q**2 + 11206*q + 8. Give s(4).
192
Let z(i) = -352*i**2 + 82019*i - 289. What is z(233)?
410
Let d(h) = -4108*h - 86403. Determine d(-21).
-135
Let v(n) = -n**2 - 2580*n + 73017. Calculate v(28).
-7
Let l(q) = -85*q**3 + 8*q**2 - 103*q + 216. Give l(2).
-638
Let u(l) = -2398*l - 33484. Calculate u(-14).
88
Let j(q) = q**3 - 159*q**2 - 521*q + 6862. Give j(162).
1192
Let o(n) = -2*n**2 - 1599*n - 303586. What is o(-489)?
83
Let y(a) = 3*a**2 - 163*a - 1385. Determine y(58).
-747
Let h(z) = -5*z**3 - 12*z**2 + 43*z + 136. Determine h(-2).
42
Let b(g) = 8*g**2 + 173*g + 146. Give b(6).
1472
Let m(z) = 109*z - 670. Calculate m(15).
965
Let f(z) = 4395*z - 30761. Give f(7).
4
Let d(m) = -2*m**3 + 542*m**2 - 2625*m - 2. Determine d(5).
173
Let x(d) = 2*d**3 + 224*d**2 + 6268*d - 109. Calculate x(-56).
115
Let t(g) = -g**3 + 191*g**2 - 1562*g - 749. Give t(9).
-65
Let f(k) = 66*k + 4598. Give f(-119).
-3256
Let x(u) = 1939*u + 36837. What is x(-19)?
-4
Let r(p) = 2*p**3 - 185*p**2 + 960*p - 319. Calculate r(87).
-58
Let m(b) = 58065*b - 6212927. What is m(107)?
28
Let v(x) = 3599*x + 7173. What is v(-2)?
-25
Let l(u) = -15483*u - 634938. Give l(-41).
-135
Let m(i) = i**2 + 329*i + 15828. Give m(-272).
324
Let h(t) = -248*t**2 - 18342*t + 739. Calculate h(-74).
-1
Let l(f) = -f**3 + 661*f**2 - 1288*f - 19766. Give l(659).
4
Let q(t) = 68*t**3 + 818*t**2 + 46*t + 67. What is q(-12)?
-197
Let d(y) = 871*y**2 - 33962*y - 284. Calculate d(39).
-11
Let g(t) = -t**3 - 2668*t**2 - 31850*t + 270. Give g(-12).
6
Let z(l) = 2*l**2 - 98*l - 54757. What is z(192)?
155
Let o(n) = -3*n**2 - 1150*n - 28232. Determine o(-357).
-29
Let b(p) = -3*p**2 + 39992*p - 798627. Calculate b(20).
13
Let b(s) = -47928*s - 239645. Calculate b(-5).
-5
Let z(h) = -17200*h - 17237. Calculate z(-1).
-37
Let i(j) = 45*j**3 - 9*j**2 - j + 15. Determine i(1).
50
Let l(d) = -2919*d - 16536. What is l(-6)?
978
Let t(y) = -y**3 + 34*y**2 + 235*y - 123. Give t(-6).
-93
Let y(r) = 16*r**3 - 335*r**2 - 13*r - 38. Determine y(21).
130
Let y(g) = 4*g**3 + 263*g**2 - 330*g + 271. What is y(-67)?
-64
Let z(b) = -9533*b - 28604. What is z(-3)?
-5
Let p(f) = -7*f**2 + 1239*f - 2474. Calculate p(175).
-24
Let w(c) = c**2 + 130*c - 5955. Determine w(-166).
21
Let v(r) = 199580*r + 2394938. What is v(-12)?
-22
Let w(i) = -5*i**2 - 9*i + 8. Give w(-10).
-402
Let m(w) = -108*w**2 - 2184*w - 3. Give m(-18).
4317
Let g(k) = 63*k**2 + 1847*k - 29. Give g(-29).
-609
Let j(d) = 13618*d - 272376. What is j(20)?
-16
Let i(h) = -19083*h + 38306. What is i(2)?
140
Let o(z) = -3*z**3 - 28*z**2 - 284*z - 2233. Calculate o(-8).
-217
Let o(z) = -37*z**2 + 90*z - 41. Determine o(6).
-833
Let c(w) = w**3 + 27*w**2 + 79*w + 47. Give c(-11).
1114
Let t(f) = -124*f**2 - 12029*f - 72. Determine t(-97).
25
Let p(y) = -y**3 + 144*y**2 - 2878*y + 121645. What is p(129)?
-2
Let b(t) = 24*t**2 - 12616*t + 87129. What is b(7)?
-7
Let a(v) = v**3 + 35*v**2 + 83*v + 84. What is a(-32)?
500
Let y(u) = 58*u**2 - 225*u + 49. Determine y(4).
77
Let n(j) = -j**2 + 255*j - 6253. What is n(29)?
301
Let l(q) = 3*q**2 - 179*q - 29. Determine l(39).
-2447
Let x(m) = 170910*m + 30763794. Give x(-180).
-6
Let k(y) = 7*y**3 + y**2 + 1328*y + 2647. Calculate k(-2).
-61
Let d(v) = -4186*v**2 + 2243691*v + 2679. Calculate d(536).
-1
Let b(l) = l**3 + 377*l**2 + 345*l - 11649. Calculate b(-376).
7
Let n(b) = 4653*b - 2010092. Calculate n(432).
4
Let z(u) = -2*u**3 + 150*u**2 + 1691*u - 44539. Calculate z(82).
-13
Let d(u) = u**2 + 155*u - 16647. Give d(-228).
-3
Let u(r) = r**2 + 170*r - 77448. Give u(-376).
8
Let r(b) = -30562*b - 3178493. What is r(-104)?
-45
Let b(f) = f**3 - 131*f**2 + 2064*f + 52. Calculate b(20).
-3068
Let t(b) = -5412*b + 1044507. Calculate t(193).
-9
Let l(x) = 3*x**3 - 86*x**2 - 89*x + 6052. Determine l(27).
4
Let v(u) = -2*u**3 - 45*u**2 - 36*u - 491. What is v(-12)?
-3083
Let s(u) = -3805*u**2 + 34246*u - 10. Determine s(9).
-1
Let s(k) = k**3 + 274*k**2 - 1680*k - 324. Calculate s(-280).
-324
Let y(v) = v**3 + 129*v**2 + 232*v - 2809. Determine y(-127).
-15
Let s(p) = 1225*p + 6225. Determine s(-5).
100
Let v(f) = -923*f - 477187. What is v(-517)?
4
Let j(d) = 2*d**2 - 1592*d - 47849. What is j(-29)?
1
Let h(i) = -40*i**2 + 42118*i - 251276. Give h(6).
-8
Let y(l) = l**3 + 11*l**2 - 871*l - 2860. Determine y(-34).
166
Let f(i) = -7*i**2 + 104*i + 809. What is f(-8)?
-471
Let j(q) = -q**3 - 11*q**2 + 1294*q + 2627. What is j(-2)?
3
Let f(u) = 3*u**3 + 12*u**2 + 47*u + 17. What is f(-9)?
-1621
Let p(r) = -7744*r - 54220. Determine p(-7).
-12
Let m(y) = 2008*y - 34108. Determine m(17).
28
Let i(g) = 526*g + 12895. What is i(-29)?
-2359
Let z(o) = 9134*o**2 - 7754765*o - 848. Give z(849).
1
Let t(j) = 4*j**2 - 528337*j - 3170120. Determine t(-6).
46
Let b(o) = o**3 + 24*o**2 - 187*o - 202. Give b(-30).
8
Let n(l) = 2221*l + 39920. Give n(-18).
-58
Let g(x) = 12*x**2 - 731*x - 57. What is g(61)?
4
Let i(c) = c**2 - 324*c - 6637. What is i(-20)?
243
Let z(p) = -p**2 - 16837*p + 1098634. Determine z(65).
4
Let v(n) = 519*n - 3638. Give v(7).
-5
Let h(r) = -r**3 - 633*r**2 - 2616*r - 390. Calculate h(-4).
10
Let d(g) = 19*g**2 + 328*g + 1310. Give d(-4).
302
Let c(o) = -2472*o - 27051. Calculate c(-11).
141
Let j(u) = 3*u**3 + 187*u**2 + 1662*u + 86514. What is j(-61)?
16
Let b(p) = 277*p**3 + 114403*p**2 + 821*p - 2062. What is b(-413)?
3
Let k(z) = -z**3 - 22*z**2 + 58835*z + 1469000. Determine k(-25).
0
Let g(f) = 5*f**3 - 151*f**2 - 136*f + 298. Calculate g(31).
-74
Let v(y) = -1182*y + 5030. Determine v(5).
-880
Let f(c) = 30051*c + 149895. What is f(-5)?
-360
Let m(y) = 510*y - 16361. What is m(32)?
-41
Let d(k) = -21*k**2 - 142*k + 374. Determine d(-9).
-49
Let l(c) = -3767*c + 27000. Determine l(7).
631
Let p(c) = -14*c**3 - 1227*c**2 + 336*c - 9174. Determine p(-88).
-22
Let x(f) = f**3 - 19*f**2 + 1805*f - 32151. Determine x(18).
15
Let n(g) = g**3 - 202*g**2 - 199*g + 223. Determine n(203).
1035
Let d(a) = 2*a**2 + 716*a + 57122. Calculate d(-120).
2
Let t(v) = -v**3 - 69*v**2 - 3*v - 122. Calculate t(-69).
85
Let m(o) = -3*o**3 - 179*o**2 - 693*o - 475. Determine m(-3).
74
Let u(k) = -190*k - 11041. Give u(-61).
549
Let o(u) = 271*u - 16736. Calculate o(59).
-747
Let h(m) = -9*m**3 - 9*m**2 - m + 14. Calculate h(-3).
179
Let o(j) = -18*j**3 + 92*j**2 + 2*j - 24. Calculate o(5).
36
Let k(d) = 952*d**2 + 142*d - 66. Give k(0).
-66
Let w(h) = h**3 + 87*h**2 - 209*h - 32357. Determine w(-85).
-142
Let o(f) = 68*f**3 - 13*f**2 + 13*f + 132. Calculate o(-3).
-1860
Let i(p) = 23548*p + 141224. Give i(-6).
-64
Let q(m) = m**3 - 20*m**2 - 148*m + 2661. Give q(21).
-6
Let s(v) = v**3 + 125*v**2 - 279*v - 64568. Determine s(-123).
7
Let l(y) = 10*y**2 - 114*y - 58. Calculate l(6).
-382
Let s(c) = c**3 - 87*c**2 - 21*c - 4969. Give s(88).
927
Let f(s) = 3*s**2 + 22*s - 340. What is f(-19)?
325
Let n(u) = 825*u**2 + 49*u - 51. Give n(1).
823
Let g(k) = k**2 + 64*k - 41421. What is g(171)?
-1236
Let w(t) = -t**2 - 18*t + 756. What is w(-40)?
-124
Let y(f) = 30*f**3 - 2460*f**2 - 7636*f - 1200. What is y(85)?
-10
Let d(o) = 36348*o + 13012586. What is d(-358)?
2
Let z(t) = -2*t**3 + 5*t**2 + 33*t - 508. What is z(0)?
-508
Let b(v) = 236*v - 4342. Calculate b(21).
614
Let f(g) = -234*g - 69663. What is f(-297)?
-165
Let l(i) = -1743*i - 2063712. Give l(-1184).
0
Let t(v) = -336*v**2 + 13*v + 2